242)/(-6) a prime number?
True
Let j(c) = 3*c - 12. Let b be j(1). Let m(z) = -23*z**3 - z**2 - 16*z - 19. Is m(b) a composite number?
False
Let j(g) = -480*g - 269. Let y(f) = -240*f - 133. Let t(s) = 2*j(s) - 5*y(s). Is t(28) a prime number?
False
Let d = -12 + 34. Let h = -21 + d. Is 189 - (h/(-1) + 1/(-1)) a prime number?
True
Let v = 376 + 1025. Suppose -2*k - 3*s = 2, 0 = 3*k + 2*k - 2*s - 14. Suppose 1397 = o + a, -o - k*a + 3*a + v = 0. Is o composite?
False
Let l(q) = 284*q**2 + 89*q - 742. Is l(12) a prime number?
False
Let c(r) = -r**3 + 6*r**2 + 2. Let i be c(6). Suppose 25 = -i*g + 7*g. Suppose 3*d = -g*p - d + 2571, -4*d - 4 = 0. Is p prime?
False
Suppose 0 = q, -q - 12 = -4*n + 4. Suppose 5*k + 386 = -r, 3*r + n = -5*k - 1164. Let i = r - -2700. Is i composite?
False
Let r(h) = h**2 - 18*h + 2. Let n be r(18). Suppose 0 = -5*u + 3*o - 9, -n*u + 2 + 1 = o. Suppose u = 3*f + 3*f - 16374. Is f composite?
False
Let p(w) = -2*w**3 + w**2 + 89*w - 417. Is p(-31) a composite number?
False
Let s(r) = r**2 + 3*r - 4. Let v be s(-4). Suppose -5*q = -3*t - t + 7066, t - 4 = v. Let c = 2207 + q. Is c a composite number?
False
Let v be (-15 + 17)*607/2. Let x = 334 + -52. Let j = v + x. Is j prime?
False
Let i be (5 - 4277)*1/((-9)/(-6)). Let l = i + 5014. Suppose 710 + l = 4*p. Is p a prime number?
True
Let d be 2/(-14) - (-1464)/(-42). Let b = 32 + d. Is 28056/18 - 1/b a prime number?
True
Let q be -2 + -278 - (-17 + 21). Let a = 251 - q. Is a composite?
True
Suppose 34 = -5*l + 4*a, -3*l + 28 = -8*l - 2*a. Let r(m) = -123*m - 65. Is r(l) a prime number?
True
Let r(h) = 3*h + 44. Let w be r(-18). Let g(n) = n**2 + 8*n - 20. Let f be g(w). Suppose f = 4*y - 8*y + 1432. Is y composite?
True
Let c(s) = -4 - 80*s**3 + 0*s - 6 + 3 + 2*s. Let g be c(-3). Let n = -1200 + g. Is n a composite number?
False
Suppose 2*k + 4*n - 42 = 0, -4*k - 5*n + 59 = -k. Suppose -139940 = -8*t + k*t. Is (2/4)/(t/(-4664) - 6) composite?
True
Suppose -19168 = -s + 1088. Let o be (s/(-30))/(11/(-5) + 2). Is (-1 + 10/4)/(12/o) composite?
True
Let n(y) = 1133*y + 1415. Is n(36) a composite number?
True
Let t(h) = h**3 + 55*h**2 + 89*h - 55. Let d be t(-42). Suppose -u + 6403 = 2*b + 2*b, 3*u - 2*b = d. Is u prime?
False
Suppose 2*x + 4*v - 127848 = 0, 4*x - 3*v - 319594 = -x. Suppose 5379 - x = -7*a. Is a prime?
True
Let v be (50/(-3))/((-3)/(-3 + -6)). Let x = -33 - v. Suppose 15*y = x*y - 1066. Is y composite?
True
Let s(p) = -337*p - 760. Is s(-14) a prime number?
False
Suppose s - 2*b - 6 = 0, 3*s + 18 = -2*b - b. Let c = -52 - -30. Is c/(-6)*(s + 89) composite?
True
Suppose 4*q - 5753 = 3*o - 33454, 3*o - 6932 = q. Let l = q - -10126. Is l composite?
False
Suppose -4*l + 9*l - 510 = 0. Let v = 109 - l. Is 450 - (v/3 - 16/12) a composite number?
False
Suppose -26*q = 579590 + 1092522. Is (q/20)/((-3)/(-15)*-2) prime?
True
Suppose 23*z - 920 = 15*z. Let h = z - 110. Suppose -h*w - 985 = -2895. Is w composite?
True
Is 17 + -12 - (5 - -2 - 644839) prime?
True
Let t(n) = 32012*n - 55. Is t(1) composite?
False
Let n(b) = 53*b**2 - 13*b + 65. Suppose -o - 15 = 4. Let s be n(o). Suppose 9*t = s + 5926. Is t a prime number?
True
Is ((-9)/6)/((-2)/8) + (32 - -367565) composite?
False
Let u = -89296 - -160457. Is u a composite number?
False
Suppose -n - r - 3*r = -19, 0 = -3*n - 3*r + 39. Suppose 6*f + 10025 = n*f. Is f prime?
False
Is -13*(-225 + (29 - 15)) a prime number?
False
Suppose -1600*k + 1601*k = 7, 2*w - 3*k - 253885 = 0. Is w prime?
False
Suppose 18*w - 21*w = 5*o - 12, 5*o = -4*w + 11. Suppose 0 = o*b - j - 2897, j - 10 = -6. Is b composite?
False
Let n(a) = 24*a - 50. Let b be n(18). Suppose -b*t = -384*t + 4358. Is t prime?
True
Let n = 880 - -1610. Suppose -671 = -q + 4*f, 4*q - 4*f = n + 254. Is q composite?
False
Let r be (-372)/(-155)*10/4. Suppose 2639 = r*h - 30367. Is h a composite number?
False
Let i(o) = -92*o**3 - 5*o**2 - 9*o - 1. Let b be i(-3). Suppose 9*h + 8*h - b = 0. Is h a prime number?
False
Suppose -406*t - 10141928 = -474*t. Is t a composite number?
True
Let f be -5*(-4 + 24/(-5)). Suppose -8*w - 34 = -7*w. Let q = f + w. Is q a prime number?
False
Let s(x) = x**2 + 4*x - 3. Let g be s(-5). Let t(u) = u**g - 2*u - 5*u + 7 - 12. Is t(-4) a composite number?
True
Suppose 5*n - 49945 = h + 38408, 2*h = -n + 17675. Is n prime?
False
Let g(z) = -11*z**2 - 22*z + 18. Let w be g(16). Let o = 2572 - 4661. Let h = o - w. Is h composite?
False
Let r(y) = y**2 + 41*y + y**2 - 37*y + 7 + 2*y**2 + 0*y**2. Suppose -17 - 1 = 3*b. Is r(b) prime?
True
Let s(u) = 10*u**2 + 18*u + 7. Let m(q) = 27*q - 234. Let j be m(8). Is s(j) composite?
True
Suppose 51 = 4*u - 49. Suppose -p + 3*k = -0*p + 3462, 5*k - u = 0. Let t = -2009 - p. Is t composite?
True
Let t be 1120/64 - (-3)/6. Let a(q) = 313*q + 103. Is a(t) composite?
False
Suppose -136627 = -77*t + 90446. Is t a composite number?
True
Let h = 191 - 150. Suppose 39*x + 7666 = h*x. Is x a composite number?
False
Let f = 67 + -64. Suppose -4*a = -5*q - 0*a - 14, -f*a + 6 = -3*q. Let v = q - -40. Is v a composite number?
True
Suppose -3*h + 7535 = b - 87540, 0 = -4*b - h + 380256. Is b composite?
False
Let p(h) = 153*h**2 + h + 5 - 17*h + 19*h. Let n be 25/(-10) + 2/4. Is p(n) a composite number?
True
Let h(x) = x**2 + 5*x + 6. Let p be h(-5). Let j(z) be the first derivative of 7*z**3/3 - 5*z**2/2 + 32*z + 1014. Is j(p) prime?
False
Let v(s) = s**3 - s**2 - s - 1. Let l be v(0). Let m(o) = 4*o - 7 + 3 + 49*o**2 + 7 - 4*o**2 + 105*o**2. Is m(l) prime?
True
Let v(o) = 1268*o**2 + 14*o + 47. Let c be v(-3). Suppose -2*h + 5*j + c = -8680, -5*j = -4*h + 40219. Is h composite?
False
Let f be 2/(-4) - (-24)/(-16) - -4. Suppose -t - 3*t + j = -15167, 5*t - f*j = 18955. Is t a composite number?
False
Suppose 5*v + 5*f - 782 = 4*v, -4050 = -5*v + 3*f. Let w = v + -1578. Let u = w + 1622. Is u composite?
True
Let o(t) = -t**3 - 12*t**2 - 9*t + 2. Let a be o(-8). Let m = a + -388. Let f = m - -2051. Is f prime?
True
Let o = 30 + 14. Suppose -2512 = -o*g + 40*g. Suppose -27*r + 23*r = -g. Is r composite?
False
Let p(x) = 275*x**2 + 8*x + 15. Let s = 66 - 69. Let w be p(s). Let d = w - -1295. Is d prime?
True
Let r(p) = -1200*p**3 - 18*p**2 + 4*p - 27. Is r(-8) a composite number?
False
Let a(v) = 1001*v**2 + 121*v - 361. Is a(24) prime?
True
Let m(c) = 20644*c**3 + 12*c - 15. Is m(2) prime?
True
Let k(y) = 2*y**2 + 2*y - 1. Let w be -254*5/(-45) + (-4)/18. Suppose 11*s = 18*s + w. Is k(s) prime?
True
Let g be (1 - -1) + -1 + 4. Suppose -g*l - 4*l = -23859. Is l composite?
True
Suppose 31 + 88 = 7*a. Let j(u) = -u**3 + 18*u**2 - 18*u + 22. Let z be j(a). Suppose -3*m = -n - 1747, 4*m = -z*n + 1798 + 506. Is m prime?
False
Let u(k) be the third derivative of k**7/1260 - k**6/90 - k**5/40 + 9*k**4/8 + 4*k**2. Let z(i) be the second derivative of u(i). Is z(7) a prime number?
False
Let j = 474889 + -195852. Is j composite?
True
Let m(l) = 8*l**2 - 276*l + 67. Let c(g) = 8*g**2 - 276*g + 65. Let v(p) = -2*c(p) + 3*m(p). Is v(55) composite?
False
Suppose 11*d = -50 - 511. Let z = -58 - d. Is -7*2/1*z/2 prime?
False
Let x = 33 + -41. Let m(b) = 350*b**2 + 8*b. Let k be m(x). Is -1 + k/28 + 4/14 prime?
True
Suppose -21835 = -5*o - 5*z + 23990, -45833 = -5*o - 3*z. Suppose -9*h + 3800 = -o. Is h composite?
True
Suppose 0 = -2*u - 5*j - 2, -2*j = -4*u - j - 26. Is 3222 + 3 - (-24)/u a prime number?
True
Suppose -12*u + 51 - 3 = 0. Suppose 2*s + 10 = 2*y, u*s = -4*y + 2*y - 44. Let o(f) = -f**3 - 3*f**2 + 16*f + 13. Is o(s) composite?
True
Let q be 1525/122 - (-3)/(-2). Suppose -h + 2*g = -1273, 0 = -4*h - 14*g + q*g + 5125. Is h composite?
False
Let i be 6 - 3*(-584)/6. Let q be -2 - (-513 - 2) - -2. Let o = q - i. Is o prime?
False
Suppose -5*p + 0*p + 478 = -3*x, 0 = p + x - 102. Let m = p - -295. Is m a prime number?
False
Suppose 2*n + 904 = -3*f, -19*n = -f - 23*n - 298. Suppose 3*m - m = -974. Let s = f - m. Is s a composite number?
True
Suppose f + 1 - 26 = 0. Suppose 5*h - 5*a - f = 7*h, 0 = -3*h - 4*a - 41. Is 1118/5 - (2 + 21/h) a composite number?
False
Suppose -828*q + 827*q + 333225 = -4*f, -f = -5*q + 1665992. Is q a composite number?
False
Let l = -13865 + 61114. Is l composite?
True
Is 19014*40 - -3 - -14*14/(